remainder when 262 is divided by f(18)?
38
Let l(p) = -p**2 + 6*p + 3. Suppose 4*n + 3*i = 394, 218 = 12*n - 10*n - 2*i. What is the remainder when n is divided by l(5)?
7
Suppose -24115 + 27915 = 38*c. Let n = 15 - -21. What is the remainder when c is divided by n?
28
Let v(q) = 61*q**3 - 3*q + 2. Let f be v(-2). Let i = f - -539. What is the remainder when 109 is divided by i?
50
Let q be 3198/21 - (-2)/(-7). Suppose b - 2*c - 30 = 0, 2*b + 25*c - 30*c - 62 = 0. Suppose 0 = 3*j + b - q. What is the remainder when j is divided by 11?
9
Let m = 16 + 15. Let b(u) = 5*u**3 + 117*u**2 + 43*u - 17. What is the remainder when b(-23) is divided by m?
21
Let z = -780 + 430. Let b = 603 + z. Suppose 11*q - 341 = b. What is the remainder when 214 is divided by q?
52
Let q = 1268 + -1265. Calculate the remainder when 584 is divided by q.
2
Let t(c) = c**2 + 600*c - 1792. Calculate the remainder when 5013 is divided by t(3).
15
Suppose 335*b = 337*b - 240. What is the remainder when 914 is divided by b?
74
Let x be (-75)/6 - (3 - (-28)/(-8)). Calculate the remainder when 64 is divided by (6/21)/(x/(-42)) + 28.
6
Let u(t) = 16*t**2 - 20*t - 19. Calculate the remainder when u(-9) is divided by 181.
9
Let y(x) = -10*x**3 - 10*x**3 - 14*x + 14 + 7*x**2 + 19*x**3. Let t be y(6). Let w = 39 - t. What is the remainder when w is divided by 19?
16
Let v = 34 + -46. Suppose 3*z + 60 = -z. Calculate the remainder when 64 is divided by v/z*55/2.
20
Let f be (11/44 + (-1303)/(-4))*1. Suppose 12*i - f - 58 = 0. Calculate the remainder when 93 is divided by i.
29
Suppose 8*h - 247 = -h - 67. What is the remainder when 3539 is divided by h?
19
Let n = -90 - -93. Suppose n = -x + 6. Suppose -t = x*i - 2*t - 25, -i + 5*t = -13. Calculate the remainder when 55 is divided by i.
7
Suppose s + 18*p = 21*p + 385, -1825 = -5*s - 5*p. Suppose s = f + 330. What is the remainder when 113 is divided by f?
33
What is the remainder when 9309 is divided by 63/6*(1080/(-28))/(-3)?
129
Let g be (-5 - (-17238)/54) + (-4)/18. Suppose -2*i = -0 - g. What is the remainder when i is divided by 49?
10
Let f be (1/2)/((18/(-12))/3). Let v = 55 + f. What is the remainder when v is divided by 53?
1
Let k(y) = -15*y - 104. Let d be k(7). Let g = d + 265. Calculate the remainder when g is divided by 13.
4
Let v(p) = 23*p**2 - 38*p - 134. Calculate the remainder when v(-10) is divided by 30.
26
Suppose 87*z - 27*z - 34500 = 0. Calculate the remainder when z is divided by 24.
23
Calculate the remainder when 808 is divided by 0 - 22 - 4524/(-29).
4
Suppose 5*b + 7 = -4*v + 27, 0 = -5*b - 2*v + 10. Let x(c) = -c - 4*c + 7*c + b*c + 41. What is the remainder when 11 is divided by x(-17)?
4
Let w = 3784 + -3690. What is the remainder when 334 is divided by w?
52
What is the remainder when 3086 is divided by (-228)/(-342)*(-9)/(-2) + 6?
8
Let x(y) = 56*y - 22. Calculate the remainder when 428 is divided by x(3).
136
Let z(l) = 13*l**2 + 25*l - 21*l + 13 - 14*l**2. Let s be z(6). Let b(i) = 10*i + 2. Calculate the remainder when 32 is divided by b(s).
8
Suppose z = 2*s + 131, 4*s + 71 = z - 62. Suppose 16*x + z - 641 = 0. What is the remainder when 223 is divided by x?
31
Suppose -20*g + 772 + 4321 = 443*g. Suppose 2*o - i = -39, 0*o + 3*i + 43 = -2*o. What is the remainder when 1 - (o + 1 + 2) is divided by g?
7
Suppose 7*k - 3*k - 28 = 0. Let f be 21/(-24) - -1 - 6687/(-72). Suppose -f = -n - 80. What is the remainder when n is divided by k?
6
Let t(w) = -w**3 - 32*w**2 + 65*w - 82. Let c(s) = -2*s**3 + 28*s**2 - 70*s - 3. Calculate the remainder when c(10) is divided by t(-34).
17
Suppose -127 + 13 = -6*c. What is the remainder when 50/(-4)*(-2 + -8) is divided by c?
11
Let q(u) = u**2 - 7*u + 0 + u**3 - 3 - 1 - 4. Calculate the remainder when 50 is divided by q(-2).
0
Let c(f) = -3*f - 9. Let u(g) = -g**3 - 2*g**2 - g + 4. Let w be u(-2). Calculate the remainder when 66/(-99) - (-2)/(w/317) is divided by c(-7).
9
Suppose 11*s - 6*s + 90 = 5*j, 4*s = -2*j + 42. Calculate the remainder when 2962 is divided by j.
17
Suppose 4*k + 239 = 3*x + 6*k, 395 = 5*x + 5*k. Let h = 59 - 96. Let u = x + h. What is the remainder when 261 is divided by u?
41
Let w(s) = s**3 - 24*s**2 + 2*s + 4. Suppose 0 = -5*k - 15, 0*f + 2*k + 102 = 4*f. What is the remainder when 201 is divided by w(f)?
45
Let n = 4724 + -4548. What is the remainder when n is divided by 88?
0
Let v = -13795 + 13843. Calculate the remainder when 3453 is divided by v.
45
Let i(x) = x**3 + 5*x**2 - 8*x - 5. Let l(z) = 16*z**2 - 19*z - 3. Let f be l(-5). Suppose -f + 186 = -3*o. What is the remainder when o is divided by i(-5)?
32
Let v(m) = 22*m**2 - 3*m - 2. Suppose 371*t = 363*t - 1256. Let c = -125 - t. Calculate the remainder when v(-2) is divided by c.
28
Let a = 1153 + -446. What is the remainder when a is divided by 67?
37
Let c(i) = 535*i + 853. Calculate the remainder when c(5) is divided by 33.
30
Let n be (0 + 1)/(429671/47740 + -9). Suppose -d = -5*j - 713 + n, -2*j - 4*d + 1464 = 0. Calculate the remainder when j is divided by 27.
24
Suppose 0*i - 296 = -4*i. Let k = -65 - -65. Calculate the remainder when i is divided by k + (-138)/(-6) + -8.
14
Suppose 0 = -4*b + 4*n + 9328, -b + 229*n + 2308 = 234*n. Calculate the remainder when b is divided by 10.
8
Suppose 5*b - 23 = -4*q - 5, b = 2. Suppose -m - q*c = -0 - 162, c = -4. What is the remainder when m is divided by 86?
84
Suppose 2*n + 4*b + 174 = 0, 0*n = 5*n - 3*b + 422. Let y = 85 + n. Suppose -3*a + 1 + 8 = y. What is the remainder when 11 is divided by a?
2
Let l be 31/((56/(-8))/(-35)). Let a = l + -143. What is the remainder when a is divided by 6?
0
Suppose -1 = -3*z + z + 3*v, 4*v - 2 = z. Suppose -3*r + 45 = -z*i, r - 4*i + 7 - 22 = 0. Calculate the remainder when 118 is divided by r.
13
Suppose -28 - 8 = -2*b. Calculate the remainder when ((-843)/(-27) - 3) + (-4)/b is divided by 19.
9
Suppose -8 = m - 3*m. Let n(s) = s**3 + 3*s**2 - 2*s - 2. Let z be (1/(-2)*2)/((-5)/(-15)). What is the remainder when n(z) is divided by m?
0
Suppose -3*c - 5*q - 3 = 0, 0 = -4*c - 3*q + 11 - 4. Let z be 21/c - 15/60. Suppose 2 - z = -3*p. Calculate the remainder when 1 is divided by p.
0
Let w be (20/35)/(3/210*5). Suppose m + 145 - 29 = 4*b, 2*m = -w. Calculate the remainder when b is divided by 13.
2
Let x(l) = 3*l**2 + 6*l - 485. Calculate the remainder when x(19) is divided by 34 - ((-11)/22 - (-2)/4).
32
Suppose 0*h - 2*h = -w - 85, 2*h = 2*w + 88. Let v(z) = 2*z**2 - 9. Let o be v(-18). Let q = o + -628. Calculate the remainder when h is divided by q.
8
Suppose -3*i + 24 - 357 = 0. Let s = i + 307. Suppose -7*t = -s - 126. Calculate the remainder when t is divided by 12.
10
Suppose 4*d = 6*x - 3742, -4722 = -5*x + 4*d - 1605. What is the remainder when 1252 is divided by x?
2
Let g(r) = 10*r + 919. What is the remainder when 395 is divided by g(-82)?
98
Let d(b) = -b**2 + 116*b - 3324. Calculate the remainder when 1313 is divided by d(58).
33
Let m be (-1423)/(-4) + (-2)/(-8). Suppose 0*w = 4*w - m. Suppose -4*a - 102 = -3*g, 5*g + 18*a = 17*a + 147. What is the remainder when w is divided by g?
29
Suppose -3*m - y = -56, -5*m + 7*m - 5*y - 26 = 0. What is the remainder when 15*(348/m - 4) is divided by 33?
32
Suppose -3*l - 5*v + 78 = 0, 0 = -5*l - 4*v + 375 - 219. Calculate the remainder when 897 is divided by l.
33
Let f = -64 + 113. Let j = 87448 + -86959. Calculate the remainder when j is divided by f.
48
Suppose 18*q - 14*q = 24. Let s(z) = z**3 - 7*z**2 + 8*z - 12. Let o be s(q). Suppose -6*i + 98 - 32 = o. What is the remainder when 52 is divided by i?
8
Let a = 1863 - 1556. Calculate the remainder when a is divided by 25.
7
What is the remainder when 79 is divided by (-2 + -7*3)*(10 + 121/(-11))?
10
Let m(u) = u**2 + 10*u + 9. Let k be m(-9). Suppose -2*c + 4 = k, -7*o - 4*c = -3*o - 140. Calculate the remainder when o is divided by 15 - ((-33)/3 + 9).
16
Let s(t) = -t**2 - 34*t - 162. What is the remainder when s(-19) is divided by 39?
6
Let t(z) = 12*z**2 + 328*z + 2251. What is the remainder when t(-7) is divided by 176?
15
Let n = 2564 - 2290. What is the remainder when n is divided by 137?
0
Let t(r) = -r**2 + r + 30. Let w be t(-5). Suppose i - 3*l = 1, 5*i - 3*l + w